divide 4662?
True
Is 8390 a multiple of 60?
False
Does 3 divide 1430?
False
Does 286 divide 54054?
True
Is 89 a factor of 4871?
False
Does 15 divide 11790?
True
Does 16 divide 3072?
True
Does 145 divide 10005?
True
Is 71 a factor of 10832?
False
Is 7 a factor of 1489?
False
Is 125 a multiple of 2?
False
Is 4985 a multiple of 5?
True
Is 4221 a multiple of 22?
False
Is 48070 a multiple of 19?
True
Does 79 divide 17034?
False
Does 63 divide 2002?
False
Is 61534 a multiple of 33?
False
Is 510 a multiple of 23?
False
Is 67 a factor of 7839?
True
Does 19 divide 643?
False
Is 96 a factor of 1364?
False
Is 2246 a multiple of 18?
False
Is 5 a factor of 1535?
True
Is 308 a multiple of 7?
True
Does 9 divide 18533?
False
Does 12 divide 8093?
False
Is 37851 a multiple of 33?
True
Does 11 divide 1739?
False
Does 3 divide 843?
True
Does 205 divide 37515?
True
Does 32 divide 128?
True
Does 28 divide 2520?
True
Is 48 a factor of 1680?
True
Is 22 a multiple of 11?
True
Is 45 a factor of 1023?
False
Is 45441 a multiple of 99?
True
Does 6 divide 978?
True
Does 12 divide 252?
True
Does 9 divide 585?
True
Is 6 a factor of 213?
False
Is 876 a multiple of 11?
False
Does 7 divide 399?
True
Is 33803 a multiple of 6?
False
Is 40 a factor of 1141?
False
Is 50 a multiple of 10?
True
Is 29474 a multiple of 17?
False
Is 7696 a multiple of 18?
False
Does 12 divide 2592?
True
Is 808 a multiple of 107?
False
Does 67 divide 2743?
False
Does 10 divide 342?
False
Is 9 a factor of 936?
True
Does 17 divide 2500?
False
Is 13 a factor of 1253?
False
Is 7 a factor of 1729?
True
Is 158 a multiple of 6?
False
Is 28 a factor of 3668?
True
Does 33 divide 627?
True
Does 30 divide 1170?
True
Is 5 a factor of 282?
False
Does 26 divide 2652?
True
Does 33 divide 463?
False
Is 49 a factor of 7350?
True
Is 16170 a multiple of 66?
True
Is 7 a factor of 19855?
False
Is 3564 a multiple of 6?
True
Is 46 a factor of 828?
True
Is 12984 a multiple of 24?
True
Is 84 a multiple of 6?
True
Does 15 divide 1477?
False
Is 26 a factor of 650?
True
Is 882 a multiple of 11?
False
Does 13 divide 12390?
False
Is 39831 a multiple of 105?
False
Is 9 a factor of 1872?
True
Is 37 a factor of 13751?
False
Is 220 a factor of 1320?
True
Does 7 divide 3830?
False
Does 5 divide 505?
True
Is 609 a multiple of 15?
False
Does 19 divide 45?
False
Is 15 a factor of 16080?
True
Does 38 divide 45715?
False
Is 148 a multiple of 37?
True
Does 7 divide 119?
True
Is 23 a factor of 9828?
False
Does 131 divide 9361?
False
Is 22 a factor of 4640?
False
Is 13 a factor of 37780?
False
Is 2253 a multiple of 96?
False
Is 26 a factor of 208?
True
Does 15 divide 157?
False
Is 3 a factor of 4535?
False
Is 18 a factor of 41508?
True
Is 2660 a multiple of 5?
True
Is 68 a factor of 14960?
True
Is 7791 a multiple of 175?
False
Is 45 a factor of 1106?
False
Is 1694 a multiple of 17?
False
Does 8 divide 2448?
True
Is 15 a factor of 733?
False
Is 3 a factor of 685?
False
Does 106 divide 18451?
False
Does 3 divide 8351?
False
Does 16 divide 20302?
False
Is 15 a factor of 11606?
False
Is 5126 a multiple of 196?
False
Does 148 divide 5328?
True
Is 159 a multiple of 2?
False
Does 16 divide 31248?
True
Is 18 a factor of 505?
False
Is 2269 a multiple of 9?
False
Is 126 a multiple of 18?
True
Does 37 divide 847?
False
Is 8 a factor of 20664?
True
Is 441 a multiple of 7?
True
Does 6 divide 1553?
False
Is 15 a factor of 4057?
False
Is 10 a factor of 80?
True
Is 72 a factor of 1155?
False
Does 18 divide 4658?
False
Is 2 a factor of 1735?
False
Is 8695 a multiple of 47?
True
Does 118 divide 137745?
False
Is 1560 a multiple of 39?
True
Is 88 a factor of 616?
True
Does 7 divide 164?
False
Is 36 a factor of 1485?
False
Does 54 divide 65640?
False
Is 7 a factor of 1430?
False
Is 6127 a multiple of 7?
False
Does 10 divide 980?
True
Is 32920 a multiple of 75?
False
Does 11 divide 2926?
True
Does 10 divide 9979?
False
Is 3363 a multiple of 59?
True
Is 820 a multiple of 6?
False
Is 1170 a multiple of 35?
False
Is 2240 a multiple of 8?
True
Does 13 divide 8541?
True
Is 170 a multiple of 3?
False
Is 4 a factor of 2008?
True
Is 25 a factor of 1693?
False
Is 13260 a multiple of 13?
True
Is 102 a factor of 1899?
False
Does 19 divide 71345?
True
Does 8 divide 23535?
False
Is 13770 a multiple of 153?
True
Is 3 a factor of 6405?
True
Does 100 divide 32600?
True
Does 56 divide 28837?
False
Is 47257 a multiple of 157?
True
Is 4103 a multiple of 11?
True
Does 74 divide 4292?
True
Is 15 a factor of 6782?
False
Is 400 a multiple of 8?
True
Is 37 a factor of 1006?
False
Is 18 a factor of 1390?
False
Is 2 a factor of 108?
True
Is 62 a factor of 1077?
False
Is 130 a factor of 39520?
True
Does 60 divide 709?
False
Does 6 divide 2234?
False
Is 14382 a multiple of 51?
True
Is 578 a multiple of 17?
True
Is 9328 a multiple of 16?
True
Is 42 a factor of 15111?
False
Is 1268 a multiple of 10?
False
Is 7 a factor of 7152?
False
Is 13135 a multiple of 37?
True
Is 1881 a multiple of 19?
True
Is 14 a factor of 6778?
False
Is 1412 a multiple of 4?
True
Does 34 divide 1304?
False
Is 31 a factor of 980?
False
Is 76 a factor of 836?
True
Is 761 a multiple of 15?
False
Does 9 divide 880?
False
Is 1168 a multiple of 7?
False
Is 196 a multiple of 2?
True
Is 1326 a multiple of 26?
True
Is 4 a factor of 25652?
True
Does 65 divide 2795?
True
Is 4287 a multiple of 19?
False
Is 5 a factor of 116?
False
Is 3069 a multiple of 3?
True
Is 20 a factor of 12940?
True
Is 26 a factor of 1521?
False
Is 525 a multiple of 36?
False
Is 6 a factor of 411?
False
Does 77 divide 770?
True
Is 305 a multiple of 5?
True
Is 35712 a multiple of 18?
True
Is 37 a factor of 2479?
True
Is 5236 a multiple of 14?
True
Is 68 a factor of 20559?
False
Is 13 a factor of 15509?
True
Is 17 a factor of 1577?
False
Is 1693 a multiple of 25?
False
Is 37 a multiple of 37?
True
Does 16 divide 992?
True
Is 23 a factor of 36961?
True
Does 11 divide 158?
False
Is 16 a multiple of 4?
True
Does 20 divide 2529?
False
Is 31675 a multiple of 10?
False
Does 30 divide 2340?
True
Is 288 a multiple of 12?
True
Is 20404 a multiple of 9?
False
Is 324 a factor of 40176?
True
Is 6072 a multiple of 7?
False
Does 11 divide 95?
False
Is 2 a factor of 855?
False
Is 7941 a multiple of 21?
False
Does 4 divide 10395?
False
Does 5 divide 42684?
False
Is 3 a factor of 189?
True
Is 108 a factor of 8424?
True
Does 81 divide 2344?
False
Does 56 divide 79130?
False
Is 6014 a multiple of 97?
True
Is 686 a multiple of 9?
False
Is 160 a multiple of 5?
True
Does 43 divide 515?
False
Does 99 divide 38511?
True
Does 11 divide 261?
False
Does 46 divide 1359?
False
Is 582 a multiple of 5?
False
Is 71720 a multiple of 110?
True
Is 2 a factor of 2468?
True
Does 3 divide 500?
False
Does 307 divide 30700?
True
Does 11 divide 4060?
False
Is 2297 a multiple of 28?
False
Is 414 a multiple of 46?
True
Is 8202 even?
True
Is 62 a factor of 13888?
True
Is 3 a factor of 771?
True
Does 5 divide 444?
False
Does 62 divide 310?
True
Is 153 a factor of 4590?
True
Does 23 divide 414?
True
Is 2120 a multiple of 10?
True
Is 32 a factor of 1792?
True
Does 14 divide 868?
True
Does 17 divide 1402?
False
Is 1118 a multiple of 26?
True
Does 68 divide 1557?
False
Is 30 a factor of 162030?
True
Is 5344 a multiple of 8?
True
Is 16 a factor of 1558?
False
Does 13 divide 653?
False
Is 525 a multiple of 35?
True
Is 9 a factor of 2223?
True
Does 48 divide 288?
True
Is 25330 a multiple of 170?
True
Is 10 a factor of 6480?
True
Is 380 a multiple of 2?
True
Does 19 divide 2781?
False
Is 6270 a multiple of 22?
True
Is 11984 a multiple of 112?
True
Is 13 a factor of 10160?
False
Is 10 a factor of 182?
False
Is 34316 a multiple of 40?
False
Is 94 a factor of 2444?
True
Is 63 a factor of 4338?
False
Is 8910 a multiple of 10?
True
Does 19 divide 414?
False
Is 968 a multiple of 44?
True
Is 182 a factor of 36720?
False
Is 6795 a multiple of 55?
False
Is 1121 a multiple of 19?
True
Does 12 divide 1073?
False
Does 16 divide 612?
False
Is 28 a factor of 20079?
False
Is 9353 a multiple of 7?
False
Does 2 divide 4505?
False
Is 767 a multiple of 18?
False
Is 8189 a multiple of 87?
False
Is 26555 a multiple of 113?
True
Is 215 a multiple of 10?
False
Is 34506 a multiple of 27?
True
Does 35 divide 5640?
False
Is 49 a factor